a) = -a + 1. Let k(y) = 9*y + 3 - y - 12 + 2*y**3 - 5*y**2. Let f(d) = k(d) + 5*v(d). List the prime factors of f(3).
2, 7
Let g(x) = -4*x**2 + 75*x - 39. What are the prime factors of g(18)?
3, 5
Suppose -5 = 5*m, -m + 659 + 3912 = 3*h. List the prime factors of h.
2, 3, 127
Let u = 103 - -138. List the prime factors of u.
241
Let v = 5 - 3. Suppose v*x - 1 = 33. List the prime factors of x.
17
Suppose 328 = -3*l - l. Let z(i) = 73*i + 20. Let n be z(-1). Let o = n - l. List the prime factors of o.
29
List the prime factors of (2/(-10))/(-5 + (-167544)/(-33510)).
1117
Let k = 2193 - 1563. List the prime factors of k.
2, 3, 5, 7
Suppose -3*b - 5*n = -n - 692, 2*b - 4*n - 488 = 0. Suppose 2*q = -3*g + 139, -5*g + b = -2*q + q. List the prime factors of g.
47
Suppose -s = 2*s - 6. Suppose -2*p = w + s*p + 9, -4*p - 6 = -2*w. List the prime factors of (90/27)/(w/(-3)).
2, 5
Let r be 6/15 - (-39)/15. Suppose v = -r*v. Suppose v*q + 3 = q. What are the prime factors of q?
3
List the prime factors of 102*(5 - 2) - (2 + 3).
7, 43
Let p(f) be the second derivative of -f**4/12 - 2*f**3 + 13*f**2/2 - f. Let w be (-855)/57 - -1*4*1. List the prime factors of p(w).
2, 3
Let k = 48 - 27. Let v be (-16)/6*k/(-14). Suppose -v*g + 5 + 22 = -3*x, g - 21 = -4*x. List the prime factors of g.
3
List the prime factors of 1032 + -2 + 46 + -41.
3, 5, 23
Let c = 2573 + -821. What are the prime factors of c?
2, 3, 73
Let h(m) = -3*m + 4. Let u = -17 - -20. Suppose 2*t = t - u. What are the prime factors of h(t)?
13
Let y be (-2)/((1/33)/((-7)/14)). List the prime factors of (-272)/(-6) + (-44)/y.
2, 11
Let r(j) = 9*j + 0*j - 3*j - 5 - 2*j. Let m = 20 + -13. What are the prime factors of r(m)?
23
Suppose 333 = 6*z - 5*z. List the prime factors of z.
3, 37
What are the prime factors of (-1)/(((-10)/(-15))/(78/(-3)))?
3, 13
Suppose -17*r = -27*r + 6420. List the prime factors of r.
2, 3, 107
Let q be 49/(-1) + (0 - -4). Let u be (54/q)/(4/(-10)). Suppose 0 = u*t - 32 - 34. What are the prime factors of t?
2, 11
Let u = -122 + 136. Suppose -u*s - 917 + 5145 = 0. What are the prime factors of s?
2, 151
Let v(j) = -j**2 + 14*j + 12. Let c(f) = -f**3 - 5*f**2 - 4*f + 4. Let l be c(-4). Suppose -l*z - 10 + 62 = 0. What are the prime factors of v(z)?
5
Suppose 47*g - 8*g - 17316 = 0. List the prime factors of g.
2, 3, 37
Suppose z + 0*g - 35 = -5*g, 4*g = 2*z - 98. What are the prime factors of (-54)/2*(-60)/z?
2, 3
Suppose 3*z - 4*m - 1106 = m, -750 = -2*z - 3*m. List the prime factors of z.
2, 3, 31
Suppose 50 = -5*v - 260. Let b(y) = 13*y - 3. Let x be b(-3). Let j = x - v. What are the prime factors of j?
2, 5
Let h = 14 - 38. What are the prime factors of (h/9)/(6/(-171))?
2, 19
Let n(l) = -49*l - 49. Let m be 1/(129/63 - 2). Let v(t) = -5*t - 5. Let b(c) = m*v(c) - 2*n(c). List the prime factors of b(-7).
2, 3, 7
Let i be (126/30)/(1/5). Let b = 34 - i. Suppose 0 = -2*q + 3*y + 91, -5*y + b = -2*q + 106. List the prime factors of q.
2, 11
Suppose 0 = 3*v - 3*a - 5128 - 1109, -10396 = -5*v + 4*a. What are the prime factors of v?
2, 5, 13
Suppose f - 4 - 13 = 3*v, 50 = 4*f - 3*v. Let u(r) = r**3 - 11*r**2 + 4. Let o be u(f). Let c(q) = -q**3 + 4*q**2 + q + 5. List the prime factors of c(o).
3
Let s(v) = -v**3 + 3*v**2 + 7*v + 23. What are the prime factors of s(-3)?
2, 7
Let d(j) = -j**2 + 11*j + 4. Let t be d(11). Let w be 42/4 + 2/t. What are the prime factors of w + -5*6/(-15)?
13
What are the prime factors of 2250/(-30)*(-44)/6?
2, 5, 11
Suppose 5*k - 101 + 32 = 3*p, -3*p = -2*k + 33. Let h be (k/5)/(3/60). Suppose 74 = 4*j - b, 4*b - h = -2*j - b. What are the prime factors of j?
19
Let y(c) = -3*c**2 + 27*c + 6. Let w be y(8). Let j = 111 - w. What are the prime factors of j?
3
Let j(l) = 29*l + 12. Let w(i) = -28*i - 11. Let z(n) = -6*j(n) - 7*w(n). List the prime factors of z(2).
7
What are the prime factors of (-224160)/(-120)*5/4?
5, 467
Suppose 4*y + 3*g - 2901 = 0, 4*g = 4*y + 6*g - 2898. List the prime factors of y.
3, 241
Suppose 10*x = 2109 + 1171. Let r = x + -196. List the prime factors of r.
2, 3, 11
Let z = -17 + 13. What are the prime factors of 61 + -1 + z/(-2)?
2, 31
Let p(o) = 2*o**3 + 10*o**2 + 7*o - 4. Let g be p(-6). Let z = -34 - g. List the prime factors of z.
2, 3, 7
Let x(w) = -w**3 + 5*w**2. Let a(r) = -r**2 - 14*r - 9. Let z be a(-13). What are the prime factors of x(z)?
2
Suppose -2*f - s + 159 = 0, 0 = -4*f + f - 3*s + 246. What are the prime factors of 7 + -5 - (-2 - f)?
3
Suppose 3*z = 5*m + 938 - 75, -163 = m - 3*z. Let h = m + 307. What are the prime factors of h?
2, 3, 11
Suppose 6*t - 2*y - 6798 = 2*t, -3*t - y = -5106. List the prime factors of t.
3, 7
Suppose -30*d + 42108 = 14*d. What are the prime factors of d?
3, 11, 29
Suppose 43 - 154 = -3*w. Suppose 10*b + 105 = 5*b. Let t = b + w. List the prime factors of t.
2
Let b(v) = v**3 + 2*v**2 - 4*v - 4. Let x be b(-3). Let s = 6 + x. Suppose -s*a = -q - 25, 3*q + 3 - 13 = -2*a. List the prime factors of a.
5
Let w = 0 - -1. Suppose 497*k - 489*k = -16. List the prime factors of (k/(-4) + w)*16.
2, 3
Suppose 2 = 3*g + 5, 0 = t + 2*g - 2. Suppose 0*n - 4*n = b - 20, t*n = 5*b - 52. Suppose 3*l + l = -2*c + b, -16 = -5*l - 3*c. List the prime factors of l.
2
Let m(p) = 8*p + 2. Let a(s) = -s + 1. Let x(r) = 6*a(r) + m(r). Let j be 2/(-9) - 8/(-36). List the prime factors of x(j).
2
Suppose -21*h = 6*h - 1944. What are the prime factors of h?
2, 3
Suppose u + 10 = -u - 5*x, 2*x + 4 = 0. Let q(b) be the second derivative of -b**3/3 + 8*b**2 + b. List the prime factors of q(u).
2
Let p = -11 + 49. What are the prime factors of p?
2, 19
Suppose -s = 2*w + 2*s - 15, -5*w - 2*s = -21. Let i = w + 5. Suppose 61 = 3*u - i. List the prime factors of u.
23
Suppose 8*j - 4*j = 32. List the prime factors of (j/(-10))/(11/(-55)).
2
Let m(j) = -j**2 + j. Let g be (8/(-10))/(8/(-60)). Let v(y) = 5*y**2 - 15*y + 1. Let x(k) = g*m(k) + v(k). What are the prime factors of x(-6)?
19
Suppose 0 = -2*v - 6, -5*r + 4*v - 11 - 77 = 0. Let z = 35 - -3. Let p = z + r. What are the prime factors of p?
2, 3
Let m(t) = t**3 + 10*t**2 - 10*t + 2. Let d be m(-11). What are the prime factors of (-8)/(-6)*d/(-2)?
2, 3
Let g(n) = -2*n + 2 + 3*n**3 - 2 + 2*n**2 + 2. Let k be g(2). Suppose 2*b - k + 8 = 0. What are the prime factors of b?
11
Let m(f) = -14*f + 8. Let t(k) = -k - 14. Let p be t(-12). List the prime factors of m(p).
2, 3
Let r(g) = -2 + 4*g**3 + 2*g**3 - 2*g - 5*g**3 + 2*g**2. Let q be r(-2). Suppose -31 = -2*z - 5*p, 4*z + 0*z = q*p + 2. What are the prime factors of z?
3
Suppose 3*k + k = 4*q - 24, 0 = 4*q + k - 19. Suppose -q*g + 802 = -2*n - 358, -g = -2*n - 232. What are the prime factors of g?
2, 29
Suppose -34*n + 30*n = -12. Suppose -n*t = 4*b - 480, -4*t + 8*t - 640 = -2*b. What are the prime factors of t?
2, 5
Let l(f) = f**2 + 4*f + 7. Let k be l(-5). Suppose k = h - 20. Suppose 0*q + 2*q - h = 0. List the prime factors of q.
2
Let k(p) = 9*p**2 - 212*p - 28. What are the prime factors of k(35)?
7, 73
Let j be (-2 - -3)*-1 + 9. Let u(v) = -18 - 9*v + 2*v + 10*v. List the prime factors of u(j).
2, 3
Suppose 0 = 4*w + 4*a, -w - 3*a - 1 - 9 = 0. Suppose 0 = 4*o + k - 2*k + 8, w*o - 4*k + 10 = 0. List the prime factors of ((-47)/o)/(1/2).
47
Suppose -q - y = -2159, 3*y = -3*q + 8*q - 10819. List the prime factors of q.
2, 23, 47
Let w(z) = -124*z + 64. What are the prime factors of w(-4)?
2, 5, 7
Let p(c) = 33*c**2 - 59*c - 19. List the prime factors of p(-6).
1523
Let r(u) = 6*u + 30. Let l(a) = -a + 8. Let v(h) = -2*h + 9. Let z(x) = 3*l(x) - 2*v(x). Let y(j) = -3*r(j) + 14*z(j). What are the prime factors of y(-9)?
2, 3, 5
Let v(r) = 20*r**2 - 16*r - 26. What are the prime factors of v(-4)?
2, 179
Let i = 49 + 212. What are the prime factors of i?
3, 29
Suppose -12*y = 27*y - 109278. What are the prime factors of y?
2, 3, 467
Let w be (-5)/(-2) + (-1)/2. Suppose -4*u - 5*f - 10 = -w*u, 0 = -u - 3*f - 4. What are the prime factors of (52/3)/(u/(-15))?
2, 13
Let f(s) = 4*s - 11. Let x be f(11). Suppose 41*g = x*g + 2744. What are the prime factors of g?
7
What are the prime factors of (-15396)/(-30) + 1 + (-12)/10?
3, 19
Let v(n) = -17*n**3 + 3*n**2 + 8*n. List the prime factors of v(-4).
2, 